{"id":349,"date":"2018-11-19T18:49:56","date_gmt":"2018-11-19T18:49:56","guid":{"rendered":"http:\/\/eduardobalanza.com\/web\/?page_id=349"},"modified":"2019-03-13T17:17:15","modified_gmt":"2019-03-13T17:17:15","slug":"feu","status":"publish","type":"page","link":"https:\/\/eduardobalanza.com\/web\/feu\/","title":{"rendered":"FEU"},"content":{"rendered":"\n<p style=\"text-align:center\"> PDFs Download  \/  <a href=\"http:\/\/eduardobalanza.com\/web\/wp-content\/uploads\/2019\/01\/issue%231-Feu.pdf\">FEU #1<\/a>   \/   <a href=\"http:\/\/eduardobalanza.com\/web\/wp-content\/uploads\/2019\/01\/issue%232-FEU.pdf\">FEU<\/a><a href=\"http:\/\/eduardobalanza.com\/web\/wp-content\/uploads\/2019\/01\/issue#2-feu.pdf\"> #2<\/a>    \/   <a href=\"http:\/\/eduardobalanza.com\/web\/wp-content\/uploads\/2019\/01\/issue%233-feu.pdf\">FEU #3<\/a>   \/  <a href=\"http:\/\/eduardobalanza.com\/web\/wp-content\/uploads\/2019\/01\/issue%234-feu.pdf\">FEU #4<\/a>  \/  <a href=\"http:\/\/eduardobalanza.com\/web\/wp-content\/uploads\/2019\/01\/issue%235-FEU.pdf\">FEU #5<\/a><\/p>\n\n\n<h5 style=\"text-align: center;\">FRENTE ELECTR\u00d3NICO UNIDO<\/h5>\n<p>Plataforma de artistas visuales, m\u00fasicos, cr\u00edticos de arte-comisarios, investigadores sonoros, desarrolladores de ingenier\u00eda sonora, mediadores e invitados con la que publicar y gestionar el fruto de sus trabajos, invitar a otros a participar de sus ideas, obtener inversores y beneficios a trav\u00e9s de la venta online y el desarrollo de eventos.<\/p>\n\n\n<ul class=\"wp-block-gallery columns-2 is-cropped\"><li class=\"blocks-gallery-item\"><figure><a href=\"http:\/\/eduardobalanza.com\/web\/wp-content\/uploads\/2019\/03\/issue5-FEU.jpg\"><img loading=\"lazy\" width=\"600\" height=\"840\" src=\"http:\/\/eduardobalanza.com\/web\/wp-content\/uploads\/2019\/03\/issue5-FEU.jpg\" alt=\"\" data-id=\"589\" data-link=\"http:\/\/eduardobalanza.com\/web\/feu\/issue5-feu\/\" class=\"wp-image-589\" srcset=\"https:\/\/eduardobalanza.com\/web\/wp-content\/uploads\/2019\/03\/issue5-FEU.jpg 600w, https:\/\/eduardobalanza.com\/web\/wp-content\/uploads\/2019\/03\/issue5-FEU-214x300.jpg 214w, https:\/\/eduardobalanza.com\/web\/wp-content\/uploads\/2019\/03\/issue5-FEU-580x812.jpg 580w\" sizes=\"(max-width: 600px) 100vw, 600px\" \/><\/a><figcaption>FEU #5<\/figcaption><\/figure><\/li><li class=\"blocks-gallery-item\"><figure><a href=\"http:\/\/eduardobalanza.com\/web\/wp-content\/uploads\/2019\/01\/folleto-feu-4_Pagina_1.jpg\"><img src=\"http:\/\/eduardobalanza.com\/web\/wp-content\/uploads\/2019\/01\/folleto-feu-4_Pagina_1.jpg\" alt=\"\" data-id=\"550\" data-link=\"http:\/\/eduardobalanza.com\/web\/folleto-feu-4_pagina_1\/\" class=\"wp-image-550\"\/><\/a><figcaption>FEU #4<\/figcaption><\/figure><\/li><li class=\"blocks-gallery-item\"><figure><a href=\"http:\/\/eduardobalanza.com\/web\/wp-content\/uploads\/2019\/01\/folleto-feu-3_Pagina_1.jpg\"><img src=\"http:\/\/eduardobalanza.com\/web\/wp-content\/uploads\/2019\/01\/folleto-feu-3_Pagina_1.jpg\" alt=\"\" data-id=\"549\" data-link=\"http:\/\/eduardobalanza.com\/web\/folleto-feu-3_pagina_1\/\" class=\"wp-image-549\"\/><\/a><figcaption>FEU #3<\/figcaption><\/figure><\/li><li class=\"blocks-gallery-item\"><figure><a href=\"http:\/\/eduardobalanza.com\/web\/wp-content\/uploads\/2018\/11\/issue2-Feu.jpg\"><img loading=\"lazy\" width=\"600\" height=\"840\" src=\"http:\/\/eduardobalanza.com\/web\/wp-content\/uploads\/2018\/11\/issue2-Feu.jpg\" alt=\"\" data-id=\"360\" data-link=\"http:\/\/eduardobalanza.com\/web\/2018\/11\/19\/frente-electronico-unido\/issue2-feu\/\" class=\"wp-image-360\" srcset=\"https:\/\/eduardobalanza.com\/web\/wp-content\/uploads\/2018\/11\/issue2-Feu.jpg 600w, https:\/\/eduardobalanza.com\/web\/wp-content\/uploads\/2018\/11\/issue2-Feu-214x300.jpg 214w, https:\/\/eduardobalanza.com\/web\/wp-content\/uploads\/2018\/11\/issue2-Feu-580x812.jpg 580w\" sizes=\"(max-width: 600px) 100vw, 600px\" \/><\/a><figcaption>FEU #2<\/figcaption><\/figure><\/li><li class=\"blocks-gallery-item\"><figure><a href=\"http:\/\/eduardobalanza.com\/web\/wp-content\/uploads\/2018\/11\/issue1-FEU.jpg\"><img loading=\"lazy\" width=\"600\" height=\"840\" src=\"http:\/\/eduardobalanza.com\/web\/wp-content\/uploads\/2018\/11\/issue1-FEU.jpg\" alt=\"\" data-id=\"359\" data-link=\"http:\/\/eduardobalanza.com\/web\/2018\/11\/19\/frente-electronico-unido\/issue1-feu\/\" class=\"wp-image-359\" srcset=\"https:\/\/eduardobalanza.com\/web\/wp-content\/uploads\/2018\/11\/issue1-FEU.jpg 600w, https:\/\/eduardobalanza.com\/web\/wp-content\/uploads\/2018\/11\/issue1-FEU-214x300.jpg 214w, https:\/\/eduardobalanza.com\/web\/wp-content\/uploads\/2018\/11\/issue1-FEU-580x812.jpg 580w\" sizes=\"(max-width: 600px) 100vw, 600px\" \/><\/a><figcaption>FEU #1<\/figcaption><\/figure><\/li><\/ul>\n","protected":false},"excerpt":{"rendered":"<p>PDFs Download \/ FEU #1 \/ FEU #2 \/ FEU #3 \/ FEU #4 \/ FEU #5 FRENTE ELECTR\u00d3NICO UNIDO Plataforma de artistas visuales, m\u00fasicos, cr\u00edticos de arte-comisarios, investigadores sonoros, desarrolladores de ingenier\u00eda sonora, mediadores e invitados con la que publicar y gestionar el fruto de sus trabajos, invitar a otros a participar de sus ideas, obtener inversores y beneficios a trav\u00e9s de la venta online y el desarrollo de eventos.<\/p>\n","protected":false},"author":1,"featured_media":0,"parent":0,"menu_order":0,"comment_status":"closed","ping_status":"closed","template":"","meta":[],"_links":{"self":[{"href":"https:\/\/eduardobalanza.com\/web\/wp-json\/wp\/v2\/pages\/349"}],"collection":[{"href":"https:\/\/eduardobalanza.com\/web\/wp-json\/wp\/v2\/pages"}],"about":[{"href":"https:\/\/eduardobalanza.com\/web\/wp-json\/wp\/v2\/types\/page"}],"author":[{"embeddable":true,"href":"https:\/\/eduardobalanza.com\/web\/wp-json\/wp\/v2\/users\/1"}],"replies":[{"embeddable":true,"href":"https:\/\/eduardobalanza.com\/web\/wp-json\/wp\/v2\/comments?post=349"}],"version-history":[{"count":32,"href":"https:\/\/eduardobalanza.com\/web\/wp-json\/wp\/v2\/pages\/349\/revisions"}],"predecessor-version":[{"id":611,"href":"https:\/\/eduardobalanza.com\/web\/wp-json\/wp\/v2\/pages\/349\/revisions\/611"}],"wp:attachment":[{"href":"https:\/\/eduardobalanza.com\/web\/wp-json\/wp\/v2\/media?parent=349"}],"curies":[{"name":"wp","href":"https:\/\/api.w.org\/{rel}","templated":true}]}}